{"id":880,"date":"2022-03-09T23:48:31","date_gmt":"2022-03-09T23:48:31","guid":{"rendered":"https:\/\/developers.xoles.net\/711-2022\/?page_id=880"},"modified":"2022-05-10T14:05:16","modified_gmt":"2022-05-10T20:05:16","slug":"cafe-select-americano-y-cappuccino","status":"publish","type":"page","link":"https:\/\/developers.xoles.net\/711-2022\/cafe-select\/cafe-select-americano-y-cappuccino\/","title":{"rendered":"Caf\u00e9 Select Americano y Cappuccino"},"content":{"rendered":"[vc_row thb_full_width=&#8221;true&#8221; thb_row_padding=&#8221;true&#8221; thb_column_padding=&#8221;true&#8221; full_height=&#8221;yes&#8221; content_placement=&#8221;middle&#8221; thb_scroll_bottom=&#8221;true&#8221; thb_scroll_bottom_style=&#8221;style2&#8243; thb_scroll_bottom_color=&#8221;light&#8221; thb_divider_position=&#8221;bottom&#8221; thb_video_bg=&#8221;https:\/\/developers.xoles.net\/711-2022\/wp-content\/uploads\/2022\/04\/711-web-back-cafe-select-3.mp4&#8243; css=&#8221;.vc_custom_1651171865523{padding-top: 10vh !important;padding-bottom: 10vh !important;}&#8221; el_class=&#8221;mast-head vc_hidden-sm vc_hidden-xs&#8221; thb_video_overlay_color=&#8221;rgba(10,10,10,0.7)&#8221;][vc_column][vc_custom_heading text=&#8221;Caf\u00e9 Select&#8221; font_container=&#8221;tag:h2|font_size:42|text_align:center|color:%23ffffff&#8221; use_theme_fonts=&#8221;yes&#8221; css_animation=&#8221;bounceInUp&#8221;][vc_custom_heading text=&#8221;Americano y Cappuccino&#8221; font_container=&#8221;tag:h2|font_size:84|text_align:center|color:%23ffffff&#8221; use_theme_fonts=&#8221;yes&#8221; css_animation=&#8221;bounceInUp&#8221;][\/vc_column][\/vc_row][vc_row thb_full_width=&#8221;true&#8221; thb_row_padding=&#8221;true&#8221; thb_column_padding=&#8221;true&#8221; content_placement=&#8221;middle&#8221; thb_divider_position=&#8221;bottom&#8221; thb_video_bg=&#8221;https:\/\/developers.xoles.net\/711-2022\/wp-content\/uploads\/2022\/04\/711-web-back-cafe-select-3.mp4&#8243; css=&#8221;.vc_custom_1652212507948{padding-top: 10vh !important;padding-bottom: 10vh !important;}&#8221; el_class=&#8221;mast-head vc_hidden-lg vc_hidden-md&#8221; thb_video_overlay_color=&#8221;rgba(10,10,10,0.7)&#8221;][vc_column css=&#8221;.vc_custom_1651177494492{padding-right: 5% !important;padding-left: 5% !important;}&#8221;][vc_custom_heading text=&#8221;Caf\u00e9 Select&#8221; font_container=&#8221;tag:h2|font_size:36|text_align:center|color:%23ffffff&#8221; use_theme_fonts=&#8221;yes&#8221; css_animation=&#8221;bounceInUp&#8221;][vc_custom_heading text=&#8221;Americano y Cappuccino&#8221; font_container=&#8221;tag:h2|font_size:54|text_align:center|color:%23ffffff&#8221; use_theme_fonts=&#8221;yes&#8221; css_animation=&#8221;bounceInUp&#8221;][\/vc_column][\/vc_row][vc_row full_height=&#8221;yes&#8221; thb_divider_position=&#8221;bottom&#8221; el_class=&#8221;vc_hidden-sm vc_hidden-xs&#8221; css=&#8221;.vc_custom_1652213112247{background-image: url(https:\/\/developers.xoles.net\/711-2022\/wp-content\/uploads\/2022\/03\/CAFE-2022-1.jpg?id=1570) !important;background-position: center !important;background-repeat: no-repeat !important;background-size: cover !important;}&#8221;][vc_column width=&#8221;1\/2&#8243;][\/vc_column][vc_column width=&#8221;1\/2&#8243;][vc_column_text animation=&#8221;animation bottom-to-top&#8221;]Disfruta de un Caf\u00e9 Select americano siempre reci\u00e9n hecho o de un cappuccino preparado al momento. Ll\u00e9vatelo en cualquier presentaci\u00f3n de vaso 12, 16 \u00f3 20 oz.<\/p>\n<p>Recuerda que puedes rellenar gratis tu tarro 7-Eleven todos los lunes con el cup\u00f3n en la App 7-Eleven. Tambi\u00e9n puedes rellenarlo cualquier otro d\u00eda de la semana por un menor precio.[\/vc_column_text][vc_btn title=&#8221;Conoce m\u00e1s de Caf\u00e9 Select&#8221; color=&#8221;orange&#8221; size=&#8221;lg&#8221; align=&#8221;center&#8221; css_animation=&#8221;bounceInUp&#8221; link=&#8221;url:https%3A%2F%2Fdevelopers.xoles.net%2F711-2022%2Fcafe-select%2F|title:Caf%C3%A9%20Select&#8221;][\/vc_column][\/vc_row][vc_row full_height=&#8221;yes&#8221; thb_divider_position=&#8221;bottom&#8221; el_class=&#8221;vc_hidden-lg vc_hidden-md&#8221;][vc_column css=&#8221;.vc_custom_1651177828234{padding-right: 5% !important;padding-left: 5% !important;}&#8221;]\t<div id=\"thb-image-69e91199e1fb3\" class=\"caption-style1  alignleft   thb_image_link wp-caption\">\n\t\t\t<div class=\"thb-image-inner size_175\">\n\t\t\t<img loading=\"lazy\" decoding=\"async\" width=\"1920\" height=\"1080\" src=\"https:\/\/developers.xoles.net\/711-2022\/wp-content\/uploads\/2022\/03\/CAFE-2022-1.jpg\" class=\"thb_image   thb-ignore-lazyload attachment-full thb-lazyload lazyload\" alt=\"Variedad y Calidad de Caf\u00e9 Select\" sizes=\"(max-width: 1920px) 100vw, 1920px\" data-src=\"https:\/\/developers.xoles.net\/711-2022\/wp-content\/uploads\/2022\/03\/CAFE-2022-1.jpg\" data-sizes=\"auto\" data-srcset=\"https:\/\/developers.xoles.net\/711-2022\/wp-content\/uploads\/2022\/03\/CAFE-2022-1.jpg 1920w, https:\/\/developers.xoles.net\/711-2022\/wp-content\/uploads\/2022\/03\/CAFE-2022-1-1024x576.jpg 1024w, https:\/\/developers.xoles.net\/711-2022\/wp-content\/uploads\/2022\/03\/CAFE-2022-1-768x432.jpg 768w, https:\/\/developers.xoles.net\/711-2022\/wp-content\/uploads\/2022\/03\/CAFE-2022-1-1536x864.jpg 1536w, https:\/\/developers.xoles.net\/711-2022\/wp-content\/uploads\/2022\/03\/CAFE-2022-1-1600x900.jpg 1600w, https:\/\/developers.xoles.net\/711-2022\/wp-content\/uploads\/2022\/03\/CAFE-2022-1-640x360.jpg 640w, https:\/\/developers.xoles.net\/711-2022\/wp-content\/uploads\/2022\/03\/CAFE-2022-1-20x11.jpg 20w, https:\/\/developers.xoles.net\/711-2022\/wp-content\/uploads\/2022\/03\/CAFE-2022-1-320x180.jpg 320w, https:\/\/developers.xoles.net\/711-2022\/wp-content\/uploads\/2022\/03\/CAFE-2022-1-1280x720.jpg 1280w\" \/>\n\t\t<\/div>\n\t\t\t\t\t<\/div>\n\t[vc_column_text animation=&#8221;animation bottom-to-top&#8221;]Disfruta de un Caf\u00e9 Select americano siempre reci\u00e9n hecho o de un cappuccino preparado al momento. Ll\u00e9vatelo en cualquier presentaci\u00f3n de vaso 12, 16 \u00f3 20 oz.<\/p>\n<p>Recuerda que puedes rellenar gratis tu tarro 7-Eleven todos los lunes con el cup\u00f3n en la App 7-Eleven. Tambi\u00e9n puedes rellenarlo cualquier otro d\u00eda de la semana por un menor precio.[\/vc_column_text][vc_btn title=&#8221;Conoce m\u00e1s de Caf\u00e9 Select&#8221; color=&#8221;orange&#8221; size=&#8221;lg&#8221; align=&#8221;center&#8221; css_animation=&#8221;bounceInUp&#8221; link=&#8221;url:https%3A%2F%2Fdevelopers.xoles.net%2F711-2022%2Fcafe-select%2F|title:Caf%C3%A9%20Select&#8221;][\/vc_column][\/vc_row][vc_row thb_full_width=&#8221;true&#8221; thb_row_padding=&#8221;true&#8221; thb_column_padding=&#8221;true&#8221; thb_divider_position=&#8221;bottom&#8221; el_class=&#8221;vc_hidden-sm vc_hidden-xs&#8221;][vc_column width=&#8221;1\/4&#8243;][vc_hoverbox image=&#8221;881&#8243; primary_title=&#8221;&#8221; hover_title=&#8221;Caf\u00e9 Americano&#8221; hover_title_font_container=&#8221;color:%23ffffff&#8221; hover_title_use_theme_fonts=&#8221;yes&#8221; shape=&#8221;square&#8221; hover_background_color=&#8221;custom&#8221; css_animation=&#8221;bounceInLeft&#8221; use_custom_fonts_hover_title=&#8221;true&#8221; hover_custom_background=&#8221;rgba(10,10,10,0.7)&#8221;]\n<p style=\"color: white; font-weight: bold;\">\u00a1El cl\u00e1sico de todos los d\u00edas!<\/p>\n<p style=\"color: white;\">Nuestro Caf\u00e9 Select americano se prepara cada hora con granos 100% mexicanos para que siempre lo disfrutes reci\u00e9n hecho.<\/p>\n<p style=\"color: white;\">En temporada, podr\u00e1s descubrir Caf\u00e9 Select hecho con granos de diferentes partes del mundo.<\/p>\n<p style=\"color: white;\">En la fotograf\u00eda vemos el vaso de 12 oz; el tama\u00f1o justo para tu bolsillo.<\/p>\n[\/vc_hoverbox][\/vc_column][vc_column width=&#8221;1\/4&#8243;][vc_hoverbox image=&#8221;884&#8243; primary_title=&#8221;&#8221; hover_title=&#8221;Caf\u00e9 Cappuccino&#8221; hover_title_font_container=&#8221;color:%23ffffff&#8221; hover_title_use_theme_fonts=&#8221;yes&#8221; shape=&#8221;square&#8221; hover_background_color=&#8221;custom&#8221; css_animation=&#8221;bounceInLeft&#8221; use_custom_fonts_hover_title=&#8221;true&#8221; hover_custom_background=&#8221;rgba(10,10,10,0.7)&#8221;]\n<p style=\"color: white;\">Descubre diferentes sabores de cappuccino preparado al momento que lo necesitas.<\/p>\n<p style=\"color: white;\">En la fotograf\u00eda vemos el vaso de 16 oz; tama\u00f1o especial para quienes necesitamos un poquito m\u00e1s de caf\u00e9.<\/p>\n[\/vc_hoverbox][\/vc_column][vc_column width=&#8221;1\/4&#8243;][vc_hoverbox image=&#8221;883&#8243; primary_title=&#8221;&#8221; hover_title=&#8221;Chocolate&#8221; hover_title_font_container=&#8221;color:%23ffffff&#8221; hover_title_use_theme_fonts=&#8221;yes&#8221; shape=&#8221;square&#8221; hover_background_color=&#8221;custom&#8221; css_animation=&#8221;bounceInLeft&#8221; use_custom_fonts_hover_title=&#8221;true&#8221; hover_custom_background=&#8221;rgba(10,10,10,0.7)&#8221;]\n<p style=\"color: white;\">Deliciosa bebida de chocolate caliente en sabores de temporada, preparada al momento.<\/p>\n<p style=\"color: white;\">En la fotograf\u00eda vemos el vaso de 20 oz; tama\u00f1o para verdaderos amantes del buen caf\u00e9.<\/p>\n[\/vc_hoverbox][\/vc_column][vc_column width=&#8221;1\/4&#8243;][vc_hoverbox image=&#8221;882&#8243; primary_title=&#8221;&#8221; hover_title=&#8221;Tarros&#8221; hover_title_font_container=&#8221;color:%23ffffff&#8221; hover_title_use_theme_fonts=&#8221;yes&#8221; shape=&#8221;square&#8221; hover_background_color=&#8221;custom&#8221; css_animation=&#8221;bounceInLeft&#8221; use_custom_fonts_hover_title=&#8221;true&#8221; hover_custom_background=&#8221;rgba(10,10,10,0.7)&#8221;]\n<p style=\"color: white;\">Descubre diferentes dise\u00f1os y obt\u00e9n tu tarro favorito.<\/p>\n<p style=\"color: white;\">Rell\u00e9nalo <strong>gratis<\/strong> cuando lo compres, cuando registres tu ticket en la app, y todos los lunes con el Cup\u00f3n del D\u00eda.<\/p>\n[\/vc_hoverbox][\/vc_column][\/vc_row][vc_row thb_full_width=&#8221;true&#8221; thb_row_padding=&#8221;true&#8221; thb_column_padding=&#8221;true&#8221; disable_element=&#8221;yes&#8221; thb_divider_position=&#8221;bottom&#8221; el_class=&#8221;vc_hidden-lg vc_hidden-md&#8221;][vc_column][vc_hoverbox image=&#8221;881&#8243; primary_title=&#8221;&#8221; hover_title=&#8221;Caf\u00e9 Americano&#8221; hover_title_font_container=&#8221;color:%23ffffff&#8221; hover_title_use_theme_fonts=&#8221;yes&#8221; shape=&#8221;square&#8221; hover_background_color=&#8221;custom&#8221; css_animation=&#8221;bounceInLeft&#8221; use_custom_fonts_hover_title=&#8221;true&#8221; hover_custom_background=&#8221;rgba(10,10,10,0.7)&#8221;]\n<p style=\"color: white; font-weight: bold;\">\u00a1El cl\u00e1sico de todos los d\u00edas!<\/p>\n<p style=\"color: white;\">Nuestro Caf\u00e9 Select americano se prepara cada hora con granos 100% mexicanos para que siempre lo disfrutes reci\u00e9n hecho.<\/p>\n<p style=\"color: white;\">En temporada, podr\u00e1s descubrir Caf\u00e9 Select hecho con granos de diferentes partes del mundo.<\/p>\n<p style=\"color: white;\">En la fotograf\u00eda vemos el vaso de 12 oz; el tama\u00f1o justo para tu bolsillo.<\/p>\n[\/vc_hoverbox][vc_hoverbox image=&#8221;884&#8243; primary_title=&#8221;&#8221; hover_title=&#8221;Caf\u00e9 Cappuccino&#8221; hover_title_font_container=&#8221;color:%23ffffff&#8221; hover_title_use_theme_fonts=&#8221;yes&#8221; shape=&#8221;square&#8221; hover_background_color=&#8221;custom&#8221; css_animation=&#8221;bounceInLeft&#8221; use_custom_fonts_hover_title=&#8221;true&#8221; hover_custom_background=&#8221;rgba(10,10,10,0.7)&#8221;]\n<p style=\"color: white;\">Descubre diferentes sabores de cappuccino preparado al momento que lo necesitas.<\/p>\n<p style=\"color: white;\">En la fotograf\u00eda vemos el vaso de 16 oz; tama\u00f1o especial para quienes necesitamos un poquito m\u00e1s de caf\u00e9.<\/p>\n[\/vc_hoverbox][vc_hoverbox image=&#8221;883&#8243; primary_title=&#8221;&#8221; hover_title=&#8221;Chocolate&#8221; hover_title_font_container=&#8221;color:%23ffffff&#8221; hover_title_use_theme_fonts=&#8221;yes&#8221; shape=&#8221;square&#8221; hover_background_color=&#8221;custom&#8221; css_animation=&#8221;bounceInLeft&#8221; use_custom_fonts_hover_title=&#8221;true&#8221; hover_custom_background=&#8221;rgba(10,10,10,0.7)&#8221;]\n<p style=\"color: white;\">Deliciosa bebida de chocolate caliente en sabores de temporada, preparada al momento.<\/p>\n<p style=\"color: white;\">En la fotograf\u00eda vemos el vaso de 20 oz; tama\u00f1o para verdaderos amantes del buen caf\u00e9.<\/p>\n[\/vc_hoverbox][vc_hoverbox image=&#8221;882&#8243; primary_title=&#8221;&#8221; hover_title=&#8221;Tarros&#8221; hover_title_font_container=&#8221;color:%23ffffff&#8221; hover_title_use_theme_fonts=&#8221;yes&#8221; shape=&#8221;square&#8221; hover_background_color=&#8221;custom&#8221; css_animation=&#8221;bounceInLeft&#8221; use_custom_fonts_hover_title=&#8221;true&#8221; hover_custom_background=&#8221;rgba(10,10,10,0.7)&#8221;]\n<p style=\"color: white;\">Descubre diferentes dise\u00f1os y obt\u00e9n tu tarro favorito.<\/p>\n<p style=\"color: white;\">Rell\u00e9nalo <strong>gratis<\/strong> cuando lo compres, cuando registres tu ticket en la app, y todos los lunes con el Cup\u00f3n del D\u00eda.<\/p>\n[\/vc_hoverbox][\/vc_column][\/vc_row][vc_row thb_divider_position=&#8221;bottom&#8221;][vc_column width=&#8221;1\/5&#8243;][\/vc_column][vc_column width=&#8221;1\/5&#8243;][\/vc_column][vc_column width=&#8221;1\/5&#8243;][\/vc_column][vc_column width=&#8221;1\/5&#8243;][\/vc_column][vc_column width=&#8221;1\/5&#8243;][\/vc_column][\/vc_row]\n","protected":false},"excerpt":{"rendered":"<p>[vc_row thb_full_width=&#8221;true&#8221; thb_row_padding=&#8221;true&#8221; thb_column_padding=&#8221;true&#8221; full_height=&#8221;yes&#8221; content_placement=&#8221;middle&#8221; thb_scroll_bottom=&#8221;true&#8221; thb_scroll_bottom_style=&#8221;style2&#8243; thb_scroll_bottom_color=&#8221;light&#8221; thb_divider_position=&#8221;bottom&#8221; thb_video_bg=&#8221;https:\/\/developers.xoles.net\/711-2022\/wp-content\/uploads\/2022\/04\/711-web-back-cafe-select-3.mp4&#8243; css=&#8221;.vc_custom_1651171865523{padding-top: 10vh !important;padding-bottom: 10vh !important;}&#8221; el_class=&#8221;mast-head vc_hidden-sm vc_hidden-xs&#8221; thb_video_overlay_color=&#8221;rgba(10,10,10,0.7)&#8221;][vc_column][vc_custom_heading text=&#8221;Caf\u00e9 Select&#8221; font_container=&#8221;tag:h2|font_size:42|text_align:center|color:%23ffffff&#8221; use_theme_fonts=&#8221;yes&#8221; css_animation=&#8221;bounceInUp&#8221;][vc_custom_heading text=&#8221;Americano y Cappuccino&#8221; font_container=&#8221;tag:h2|font_size:84|text_align:center|color:%23ffffff&#8221; use_theme_fonts=&#8221;yes&#8221; css_animation=&#8221;bounceInUp&#8221;][\/vc_column][\/vc_row][vc_row thb_full_width=&#8221;true&#8221; thb_row_padding=&#8221;true&#8221; thb_column_padding=&#8221;true&#8221; content_placement=&#8221;middle&#8221; thb_divider_position=&#8221;bottom&#8221; thb_video_bg=&#8221;https:\/\/developers.xoles.net\/711-2022\/wp-content\/uploads\/2022\/04\/711-web-back-cafe-select-3.mp4&#8243; css=&#8221;.vc_custom_1652212507948{padding-top: 10vh !important;padding-bottom: 10vh !important;}&#8221; el_class=&#8221;mast-head vc_hidden-lg vc_hidden-md&#8221; thb_video_overlay_color=&#8221;rgba(10,10,10,0.7)&#8221;][vc_column css=&#8221;.vc_custom_1651177494492{padding-right: 5% !important;padding-left: 5% !important;}&#8221;][vc_custom_heading text=&#8221;Caf\u00e9 Select&#8221; font_container=&#8221;tag:h2|font_size:36|text_align:center|color:%23ffffff&#8221; use_theme_fonts=&#8221;yes&#8221;&hellip;<\/p>\n","protected":false},"author":1,"featured_media":0,"parent":759,"menu_order":0,"comment_status":"closed","ping_status":"closed","template":"","meta":{"footnotes":""},"class_list":["post-880","page","type-page","status-publish","hentry"],"yoast_head":"<!-- This site is optimized with the Yoast SEO plugin v23.8 - https:\/\/yoast.com\/wordpress\/plugins\/seo\/ -->\n<title>Caf\u00e9 Select Americano y Cappuccino - 7-Eleven<\/title>\n<meta name=\"robots\" content=\"noindex, follow, max-snippet:-1, max-image-preview:large, max-video-preview:-1\" \/>\n<meta property=\"og:locale\" content=\"es_MX\" \/>\n<meta property=\"og:type\" content=\"article\" \/>\n<meta property=\"og:title\" content=\"Caf\u00e9 Select Americano y Cappuccino - 7-Eleven\" \/>\n<meta property=\"og:description\" content=\"[vc_row thb_full_width=&#8221;true&#8221; thb_row_padding=&#8221;true&#8221; thb_column_padding=&#8221;true&#8221; full_height=&#8221;yes&#8221; content_placement=&#8221;middle&#8221; thb_scroll_bottom=&#8221;true&#8221; thb_scroll_bottom_style=&#8221;style2&#8243; thb_scroll_bottom_color=&#8221;light&#8221; thb_divider_position=&#8221;bottom&#8221; thb_video_bg=&#8221;https:\/\/developers.xoles.net\/711-2022\/wp-content\/uploads\/2022\/04\/711-web-back-cafe-select-3.mp4&#8243; css=&#8221;.vc_custom_1651171865523{padding-top: 10vh !important;padding-bottom: 10vh !important;}&#8221; el_class=&#8221;mast-head vc_hidden-sm vc_hidden-xs&#8221; thb_video_overlay_color=&#8221;rgba(10,10,10,0.7)&#8221;][vc_column][vc_custom_heading text=&#8221;Caf\u00e9 Select&#8221; font_container=&#8221;tag:h2|font_size:42|text_align:center|color:%23ffffff&#8221; use_theme_fonts=&#8221;yes&#8221; css_animation=&#8221;bounceInUp&#8221;][vc_custom_heading text=&#8221;Americano y Cappuccino&#8221; font_container=&#8221;tag:h2|font_size:84|text_align:center|color:%23ffffff&#8221; use_theme_fonts=&#8221;yes&#8221; css_animation=&#8221;bounceInUp&#8221;][\/vc_column][\/vc_row][vc_row thb_full_width=&#8221;true&#8221; thb_row_padding=&#8221;true&#8221; thb_column_padding=&#8221;true&#8221; content_placement=&#8221;middle&#8221; thb_divider_position=&#8221;bottom&#8221; thb_video_bg=&#8221;https:\/\/developers.xoles.net\/711-2022\/wp-content\/uploads\/2022\/04\/711-web-back-cafe-select-3.mp4&#8243; css=&#8221;.vc_custom_1652212507948{padding-top: 10vh !important;padding-bottom: 10vh !important;}&#8221; el_class=&#8221;mast-head vc_hidden-lg vc_hidden-md&#8221; thb_video_overlay_color=&#8221;rgba(10,10,10,0.7)&#8221;][vc_column css=&#8221;.vc_custom_1651177494492{padding-right: 5% !important;padding-left: 5% !important;}&#8221;][vc_custom_heading text=&#8221;Caf\u00e9 Select&#8221; font_container=&#8221;tag:h2|font_size:36|text_align:center|color:%23ffffff&#8221; use_theme_fonts=&#8221;yes&#8221;&hellip;\" \/>\n<meta property=\"og:url\" content=\"https:\/\/developers.xoles.net\/711-2022\/cafe-select\/cafe-select-americano-y-cappuccino\/\" \/>\n<meta property=\"og:site_name\" content=\"7-Eleven\" \/>\n<meta property=\"article:modified_time\" content=\"2022-05-10T20:05:16+00:00\" \/>\n<meta name=\"twitter:card\" content=\"summary_large_image\" \/>\n<meta name=\"twitter:label1\" content=\"Tiempo de lectura\" \/>\n\t<meta name=\"twitter:data1\" content=\"6 minutos\" \/>\n<script type=\"application\/ld+json\" class=\"yoast-schema-graph\">{\"@context\":\"https:\/\/schema.org\",\"@graph\":[{\"@type\":\"WebPage\",\"@id\":\"https:\/\/developers.xoles.net\/711-2022\/cafe-select\/cafe-select-americano-y-cappuccino\/\",\"url\":\"https:\/\/developers.xoles.net\/711-2022\/cafe-select\/cafe-select-americano-y-cappuccino\/\",\"name\":\"Caf\u00e9 Select Americano y Cappuccino - 7-Eleven\",\"isPartOf\":{\"@id\":\"https:\/\/developers.xoles.net\/711-2022\/#website\"},\"datePublished\":\"2022-03-09T23:48:31+00:00\",\"dateModified\":\"2022-05-10T20:05:16+00:00\",\"breadcrumb\":{\"@id\":\"https:\/\/developers.xoles.net\/711-2022\/cafe-select\/cafe-select-americano-y-cappuccino\/#breadcrumb\"},\"inLanguage\":\"es\",\"potentialAction\":[{\"@type\":\"ReadAction\",\"target\":[\"https:\/\/developers.xoles.net\/711-2022\/cafe-select\/cafe-select-americano-y-cappuccino\/\"]}]},{\"@type\":\"BreadcrumbList\",\"@id\":\"https:\/\/developers.xoles.net\/711-2022\/cafe-select\/cafe-select-americano-y-cappuccino\/#breadcrumb\",\"itemListElement\":[{\"@type\":\"ListItem\",\"position\":1,\"name\":\"Home\",\"item\":\"https:\/\/developers.xoles.net\/711-2022\/\"},{\"@type\":\"ListItem\",\"position\":2,\"name\":\"Caf\u00e9 Select\",\"item\":\"https:\/\/developers.xoles.net\/711-2022\/cafe-select\/\"},{\"@type\":\"ListItem\",\"position\":3,\"name\":\"Caf\u00e9 Select Americano y Cappuccino\"}]},{\"@type\":\"WebSite\",\"@id\":\"https:\/\/developers.xoles.net\/711-2022\/#website\",\"url\":\"https:\/\/developers.xoles.net\/711-2022\/\",\"name\":\"7-Eleven\",\"description\":\"Empieza aqu\u00ed\",\"potentialAction\":[{\"@type\":\"SearchAction\",\"target\":{\"@type\":\"EntryPoint\",\"urlTemplate\":\"https:\/\/developers.xoles.net\/711-2022\/?s={search_term_string}\"},\"query-input\":{\"@type\":\"PropertyValueSpecification\",\"valueRequired\":true,\"valueName\":\"search_term_string\"}}],\"inLanguage\":\"es\"}]}<\/script>\n<!-- \/ Yoast SEO plugin. -->","yoast_head_json":{"title":"Caf\u00e9 Select Americano y Cappuccino - 7-Eleven","robots":{"index":"noindex","follow":"follow","max-snippet":"max-snippet:-1","max-image-preview":"max-image-preview:large","max-video-preview":"max-video-preview:-1"},"og_locale":"es_MX","og_type":"article","og_title":"Caf\u00e9 Select Americano y Cappuccino - 7-Eleven","og_description":"[vc_row thb_full_width=&#8221;true&#8221; thb_row_padding=&#8221;true&#8221; thb_column_padding=&#8221;true&#8221; full_height=&#8221;yes&#8221; content_placement=&#8221;middle&#8221; thb_scroll_bottom=&#8221;true&#8221; thb_scroll_bottom_style=&#8221;style2&#8243; thb_scroll_bottom_color=&#8221;light&#8221; thb_divider_position=&#8221;bottom&#8221; thb_video_bg=&#8221;https:\/\/developers.xoles.net\/711-2022\/wp-content\/uploads\/2022\/04\/711-web-back-cafe-select-3.mp4&#8243; css=&#8221;.vc_custom_1651171865523{padding-top: 10vh !important;padding-bottom: 10vh !important;}&#8221; el_class=&#8221;mast-head vc_hidden-sm vc_hidden-xs&#8221; thb_video_overlay_color=&#8221;rgba(10,10,10,0.7)&#8221;][vc_column][vc_custom_heading text=&#8221;Caf\u00e9 Select&#8221; font_container=&#8221;tag:h2|font_size:42|text_align:center|color:%23ffffff&#8221; use_theme_fonts=&#8221;yes&#8221; css_animation=&#8221;bounceInUp&#8221;][vc_custom_heading text=&#8221;Americano y Cappuccino&#8221; font_container=&#8221;tag:h2|font_size:84|text_align:center|color:%23ffffff&#8221; use_theme_fonts=&#8221;yes&#8221; css_animation=&#8221;bounceInUp&#8221;][\/vc_column][\/vc_row][vc_row thb_full_width=&#8221;true&#8221; thb_row_padding=&#8221;true&#8221; thb_column_padding=&#8221;true&#8221; content_placement=&#8221;middle&#8221; thb_divider_position=&#8221;bottom&#8221; thb_video_bg=&#8221;https:\/\/developers.xoles.net\/711-2022\/wp-content\/uploads\/2022\/04\/711-web-back-cafe-select-3.mp4&#8243; css=&#8221;.vc_custom_1652212507948{padding-top: 10vh !important;padding-bottom: 10vh !important;}&#8221; el_class=&#8221;mast-head vc_hidden-lg vc_hidden-md&#8221; thb_video_overlay_color=&#8221;rgba(10,10,10,0.7)&#8221;][vc_column css=&#8221;.vc_custom_1651177494492{padding-right: 5% !important;padding-left: 5% !important;}&#8221;][vc_custom_heading text=&#8221;Caf\u00e9 Select&#8221; font_container=&#8221;tag:h2|font_size:36|text_align:center|color:%23ffffff&#8221; use_theme_fonts=&#8221;yes&#8221;&hellip;","og_url":"https:\/\/developers.xoles.net\/711-2022\/cafe-select\/cafe-select-americano-y-cappuccino\/","og_site_name":"7-Eleven","article_modified_time":"2022-05-10T20:05:16+00:00","twitter_card":"summary_large_image","twitter_misc":{"Tiempo de lectura":"6 minutos"},"schema":{"@context":"https:\/\/schema.org","@graph":[{"@type":"WebPage","@id":"https:\/\/developers.xoles.net\/711-2022\/cafe-select\/cafe-select-americano-y-cappuccino\/","url":"https:\/\/developers.xoles.net\/711-2022\/cafe-select\/cafe-select-americano-y-cappuccino\/","name":"Caf\u00e9 Select Americano y Cappuccino - 7-Eleven","isPartOf":{"@id":"https:\/\/developers.xoles.net\/711-2022\/#website"},"datePublished":"2022-03-09T23:48:31+00:00","dateModified":"2022-05-10T20:05:16+00:00","breadcrumb":{"@id":"https:\/\/developers.xoles.net\/711-2022\/cafe-select\/cafe-select-americano-y-cappuccino\/#breadcrumb"},"inLanguage":"es","potentialAction":[{"@type":"ReadAction","target":["https:\/\/developers.xoles.net\/711-2022\/cafe-select\/cafe-select-americano-y-cappuccino\/"]}]},{"@type":"BreadcrumbList","@id":"https:\/\/developers.xoles.net\/711-2022\/cafe-select\/cafe-select-americano-y-cappuccino\/#breadcrumb","itemListElement":[{"@type":"ListItem","position":1,"name":"Home","item":"https:\/\/developers.xoles.net\/711-2022\/"},{"@type":"ListItem","position":2,"name":"Caf\u00e9 Select","item":"https:\/\/developers.xoles.net\/711-2022\/cafe-select\/"},{"@type":"ListItem","position":3,"name":"Caf\u00e9 Select Americano y Cappuccino"}]},{"@type":"WebSite","@id":"https:\/\/developers.xoles.net\/711-2022\/#website","url":"https:\/\/developers.xoles.net\/711-2022\/","name":"7-Eleven","description":"Empieza aqu\u00ed","potentialAction":[{"@type":"SearchAction","target":{"@type":"EntryPoint","urlTemplate":"https:\/\/developers.xoles.net\/711-2022\/?s={search_term_string}"},"query-input":{"@type":"PropertyValueSpecification","valueRequired":true,"valueName":"search_term_string"}}],"inLanguage":"es"}]}},"_links":{"self":[{"href":"https:\/\/developers.xoles.net\/711-2022\/wp-json\/wp\/v2\/pages\/880"}],"collection":[{"href":"https:\/\/developers.xoles.net\/711-2022\/wp-json\/wp\/v2\/pages"}],"about":[{"href":"https:\/\/developers.xoles.net\/711-2022\/wp-json\/wp\/v2\/types\/page"}],"author":[{"embeddable":true,"href":"https:\/\/developers.xoles.net\/711-2022\/wp-json\/wp\/v2\/users\/1"}],"replies":[{"embeddable":true,"href":"https:\/\/developers.xoles.net\/711-2022\/wp-json\/wp\/v2\/comments?post=880"}],"version-history":[{"count":77,"href":"https:\/\/developers.xoles.net\/711-2022\/wp-json\/wp\/v2\/pages\/880\/revisions"}],"predecessor-version":[{"id":3440,"href":"https:\/\/developers.xoles.net\/711-2022\/wp-json\/wp\/v2\/pages\/880\/revisions\/3440"}],"up":[{"embeddable":true,"href":"https:\/\/developers.xoles.net\/711-2022\/wp-json\/wp\/v2\/pages\/759"}],"wp:attachment":[{"href":"https:\/\/developers.xoles.net\/711-2022\/wp-json\/wp\/v2\/media?parent=880"}],"curies":[{"name":"wp","href":"https:\/\/api.w.org\/{rel}","templated":true}]}}