{"id":844,"date":"2022-03-09T22:21:19","date_gmt":"2022-03-10T04:21:19","guid":{"rendered":"https:\/\/developers.xoles.net\/711-2022\/?page_id=844"},"modified":"2022-08-10T10:59:30","modified_gmt":"2022-08-10T16:59:30","slug":"sabe-bien-te-sientes-mejor","status":"publish","type":"page","link":"https:\/\/developers.xoles.net\/711-2022\/cafe-select\/sabe-bien-te-sientes-mejor\/","title":{"rendered":"Sabe bien, te sientes mejor"},"content":{"rendered":"[vc_row thb_row_padding=&#8221;true&#8221; thb_column_padding=&#8221;true&#8221; thb_divider_position=&#8221;bottom&#8221; css=&#8221;.vc_custom_1660150425001{margin-top: 100px !important;margin-bottom: 100px !important;}&#8221;][vc_column width=&#8221;2\/12&#8243;][\/vc_column][vc_column width=&#8221;8\/12&#8243;]\t<div id=\"thb-image-69e9001b30b2b\" class=\"caption-style1  aligncenter full  thb_image_link wp-caption\">\n\t\t\t<div class=\"thb-image-inner size_100\">\n\t\t\t<img loading=\"lazy\" decoding=\"async\" width=\"1148\" height=\"503\" src=\"https:\/\/developers.xoles.net\/711-2022\/wp-content\/uploads\/2022\/08\/banner-cafe-select-bienestar.jpg\" class=\"thb_image   thb-ignore-lazyload attachment-full thb-lazyload lazyload\" alt=\"Caf\u00e9 Select: Sabe bien, te sientes mejor\" sizes=\"(max-width: 1148px) 100vw, 1148px\" data-src=\"https:\/\/developers.xoles.net\/711-2022\/wp-content\/uploads\/2022\/08\/banner-cafe-select-bienestar.jpg\" data-sizes=\"auto\" data-srcset=\"https:\/\/developers.xoles.net\/711-2022\/wp-content\/uploads\/2022\/08\/banner-cafe-select-bienestar.jpg 1148w, https:\/\/developers.xoles.net\/711-2022\/wp-content\/uploads\/2022\/08\/banner-cafe-select-bienestar-1024x449.jpg 1024w, https:\/\/developers.xoles.net\/711-2022\/wp-content\/uploads\/2022\/08\/banner-cafe-select-bienestar-768x337.jpg 768w, https:\/\/developers.xoles.net\/711-2022\/wp-content\/uploads\/2022\/08\/banner-cafe-select-bienestar-640x280.jpg 640w, https:\/\/developers.xoles.net\/711-2022\/wp-content\/uploads\/2022\/08\/banner-cafe-select-bienestar-20x9.jpg 20w, https:\/\/developers.xoles.net\/711-2022\/wp-content\/uploads\/2022\/08\/banner-cafe-select-bienestar-320x140.jpg 320w\" \/>\n\t\t<\/div>\n\t\t\t\t\t<\/div>\n\t[\/vc_column][vc_column width=&#8221;2\/12&#8243;][\/vc_column][\/vc_row][vc_row thb_divider_position=&#8221;bottom&#8221;][vc_column width=&#8221;2\/12&#8243;][\/vc_column][vc_column width=&#8221;4\/12&#8243;]\t<div id=\"thb-image-69e9001b31581\" class=\"caption-style1  aligncenter   thb_image_link wp-caption\">\n\t\t\t<div class=\"thb-image-inner size_100\">\n\t\t\t<img loading=\"lazy\" decoding=\"async\" width=\"942\" height=\"919\" src=\"https:\/\/developers.xoles.net\/711-2022\/wp-content\/uploads\/2022\/03\/CAPPUCHINO-ALMENDRAS.png\" class=\"thb_image   thb-ignore-lazyload attachment-full thb-lazyload lazyload\" alt=\"Caf\u00e9 Select Cappuccino Base Almendras\" sizes=\"(max-width: 942px) 100vw, 942px\" data-src=\"https:\/\/developers.xoles.net\/711-2022\/wp-content\/uploads\/2022\/03\/CAPPUCHINO-ALMENDRAS.png\" data-sizes=\"auto\" data-srcset=\"https:\/\/developers.xoles.net\/711-2022\/wp-content\/uploads\/2022\/03\/CAPPUCHINO-ALMENDRAS.png 942w, https:\/\/developers.xoles.net\/711-2022\/wp-content\/uploads\/2022\/03\/CAPPUCHINO-ALMENDRAS-768x749.png 768w, https:\/\/developers.xoles.net\/711-2022\/wp-content\/uploads\/2022\/03\/CAPPUCHINO-ALMENDRAS-640x624.png 640w, https:\/\/developers.xoles.net\/711-2022\/wp-content\/uploads\/2022\/03\/CAPPUCHINO-ALMENDRAS-320x312.png 320w, https:\/\/developers.xoles.net\/711-2022\/wp-content\/uploads\/2022\/03\/CAPPUCHINO-ALMENDRAS-20x20.png 20w\" \/>\n\t\t<\/div>\n\t\t\t\t\t<div class=\"thb-image-content\">\n\t\t\n<h3 style=\"text-align: center\">Con ingredientes derivados de\u00a0almendra.<\/h3>\n\t\t<\/div>\n\t\t\t<\/div>\n\t[\/vc_column][vc_column width=&#8221;4\/12&#8243;]\t<div id=\"thb-image-69e9001b31f0d\" class=\"caption-style1  aligncenter   thb_image_link wp-caption\">\n\t\t\t<div class=\"thb-image-inner size_100\">\n\t\t\t<img loading=\"lazy\" decoding=\"async\" width=\"942\" height=\"919\" src=\"https:\/\/developers.xoles.net\/711-2022\/wp-content\/uploads\/2022\/03\/7eleven-cappuccino-espresso-ok.png\" class=\"thb_image   thb-ignore-lazyload attachment-full thb-lazyload lazyload\" alt=\"Caf\u00e9 Select Cappuccino Espresso con Probi\u00f3ticos.\" sizes=\"(max-width: 942px) 100vw, 942px\" data-src=\"https:\/\/developers.xoles.net\/711-2022\/wp-content\/uploads\/2022\/03\/7eleven-cappuccino-espresso-ok.png\" data-sizes=\"auto\" data-srcset=\"https:\/\/developers.xoles.net\/711-2022\/wp-content\/uploads\/2022\/03\/7eleven-cappuccino-espresso-ok.png 942w, https:\/\/developers.xoles.net\/711-2022\/wp-content\/uploads\/2022\/03\/7eleven-cappuccino-espresso-ok-768x749.png 768w, https:\/\/developers.xoles.net\/711-2022\/wp-content\/uploads\/2022\/03\/7eleven-cappuccino-espresso-ok-640x624.png 640w, https:\/\/developers.xoles.net\/711-2022\/wp-content\/uploads\/2022\/03\/7eleven-cappuccino-espresso-ok-320x312.png 320w, https:\/\/developers.xoles.net\/711-2022\/wp-content\/uploads\/2022\/03\/7eleven-cappuccino-espresso-ok-20x20.png 20w\" \/>\n\t\t<\/div>\n\t\t\t\t\t<div class=\"thb-image-content\">\n\t\t\n<h3 style=\"text-align: center\">El bienestar comienza con tu caf\u00e9.<\/h3>\n\t\t<\/div>\n\t\t\t<\/div>\n\t[\/vc_column][vc_column width=&#8221;2\/12&#8243;][\/vc_column][\/vc_row][vc_row thb_divider_position=&#8221;bottom&#8221;][vc_column width=&#8221;2\/12&#8243;][\/vc_column][vc_column width=&#8221;4\/12&#8243;]\t<div id=\"thb-image-69e9001b32813\" class=\"caption-style1  aligncenter   thb_image_link wp-caption\">\n\t\t\t<div class=\"thb-image-inner size_100\">\n\t\t\t<img loading=\"lazy\" decoding=\"async\" width=\"200\" height=\"200\" src=\"https:\/\/developers.xoles.net\/711-2022\/wp-content\/uploads\/2022\/08\/logo-cafe-select-almendras.png\" class=\"thb_image   thb-ignore-lazyload attachment-full thb-lazyload lazyload\" alt=\"Caf\u00e9 Select Cappuccino con derivados de almendras\" sizes=\"(max-width: 200px) 100vw, 200px\" data-src=\"https:\/\/developers.xoles.net\/711-2022\/wp-content\/uploads\/2022\/08\/logo-cafe-select-almendras.png\" data-sizes=\"auto\" data-srcset=\"https:\/\/developers.xoles.net\/711-2022\/wp-content\/uploads\/2022\/08\/logo-cafe-select-almendras.png 200w, https:\/\/developers.xoles.net\/711-2022\/wp-content\/uploads\/2022\/08\/logo-cafe-select-almendras-150x150.png 150w, https:\/\/developers.xoles.net\/711-2022\/wp-content\/uploads\/2022\/08\/logo-cafe-select-almendras-20x20.png 20w\" \/>\n\t\t<\/div>\n\t\t\t\t\t<div class=\"thb-image-content\">\n\t\t\n<h4 style=\"text-align: center\">El primer sabor sin az\u00facar y l\u00e1cteos* de nuestra oferta de cappuccinos.<\/h4>\n\t\t<\/div>\n\t\t\t<\/div>\n\t[\/vc_column][vc_column width=&#8221;4\/12&#8243;]\t<div id=\"thb-image-69e9001b32fd2\" class=\"caption-style1  aligncenter   thb_image_link wp-caption\">\n\t\t\t<div class=\"thb-image-inner size_100\">\n\t\t\t<img loading=\"lazy\" decoding=\"async\" width=\"200\" height=\"200\" src=\"https:\/\/developers.xoles.net\/711-2022\/wp-content\/uploads\/2022\/08\/logo-cafe-select-probioticos.png\" class=\"thb_image   thb-ignore-lazyload attachment-full thb-lazyload lazyload\" alt=\"Caf\u00e9 Select con probi\u00f3ticos\" sizes=\"(max-width: 200px) 100vw, 200px\" data-src=\"https:\/\/developers.xoles.net\/711-2022\/wp-content\/uploads\/2022\/08\/logo-cafe-select-probioticos.png\" data-sizes=\"auto\" data-srcset=\"https:\/\/developers.xoles.net\/711-2022\/wp-content\/uploads\/2022\/08\/logo-cafe-select-probioticos.png 200w, https:\/\/developers.xoles.net\/711-2022\/wp-content\/uploads\/2022\/08\/logo-cafe-select-probioticos-150x150.png 150w, https:\/\/developers.xoles.net\/711-2022\/wp-content\/uploads\/2022\/08\/logo-cafe-select-probioticos-20x20.png 20w\" \/>\n\t\t<\/div>\n\t\t\t\t\t<div class=\"thb-image-content\">\n\t\t\n<section id=\"section-id-1498755564895\" class=\"sppb-section\">\n<div class=\"sppb-row-container\">\n<div class=\"sppb-row\">\n<div id=\"column-wrap-id-1498755564906\" class=\"sppb-col-md-6\">\n<div id=\"column-id-1498755564906\" class=\"sppb-column sppb-wow zoomInDown sppb-animated\" data-sppb-wow-duration=\"300ms\" data-sppb-wow-delay=\"100ms\">\n<div class=\"sppb-column-addons\">\n<div id=\"sppb-addon-wrapper-1641520887059\" class=\"sppb-addon-wrapper\">\n<div id=\"sppb-addon-1641520887059\" class=\"clearfix \">\n<div class=\"sppb-addon sppb-addon-text-block sppb-text-center \">\n<h3 class=\"sppb-addon-content\" style=\"text-align: center\">Millones de probi\u00f3ticos que pueden ayudar a defenderte.<\/h3>\n<\/div>\n<\/div>\n<\/div>\n<\/div>\n<\/div>\n<\/div>\n<\/div>\n<\/div>\n<\/section>\n\t\t<\/div>\n\t\t\t<\/div>\n\t[\/vc_column][vc_column width=&#8221;2\/12&#8243;][\/vc_column][\/vc_row][vc_row parallax=&#8221;content-moving-fade&#8221; bg_gradient_direction=&#8221;-90&#8243; thb_divider_position=&#8221;bottom&#8221; css=&#8221;.vc_custom_1660150767394{margin-top: 8vh !important;margin-bottom: 8vh !important;padding-top: 7vh !important;padding-bottom: 7vh !important;background-image: url(https:\/\/developers.xoles.net\/711-2022\/wp-content\/uploads\/2022\/03\/ALMENDRAS.png?id=866) !important;background-position: center;background-repeat: no-repeat !important;background-size: cover !important;}&#8221; bg_gradient1=&#8221;rgba(10,10,10,0.75)&#8221; bg_gradient2=&#8221;rgba(0,0,0,0.75)&#8221;][vc_column][vc_custom_heading text=&#8221;Nuevas opciones que se adaptan a ti.&#8221; font_container=&#8221;tag:h4|font_size:42|text_align:center|color:%23ffffff&#8221; use_theme_fonts=&#8221;yes&#8221;][\/vc_column][\/vc_row][vc_row thb_divider_position=&#8221;bottom&#8221; css=&#8221;.vc_custom_1648679404593{margin-top: 200px !important;background-position: center !important;background-repeat: no-repeat !important;background-size: cover !important;}&#8221;][vc_column width=&#8221;1\/12&#8243;][\/vc_column][vc_column width=&#8221;5\/6&#8243;][vc_custom_heading text=&#8221;\u00bfQu\u00e9 son los probi\u00f3ticos y por qu\u00e9 ayudan a proteger tu organismo?&#8221; font_container=&#8221;tag:h5|font_size:36|text_align:center&#8221; use_theme_fonts=&#8221;yes&#8221;][vc_row_inner css=&#8221;.vc_custom_1646867214364{margin-top: -200px !important;margin-bottom: -200px !important;}&#8221;][vc_column_inner width=&#8221;1\/6&#8243;][\/vc_column_inner][vc_column_inner width=&#8221;2\/3&#8243;][vc_column_text]\n<p style=\"text-align: center;\">Los probi\u00f3ticos, como Ganeden BC 30\u00ae ( Bacillus coagulans GBI-30, 6086) son bacterias beneficiosas que pueden brindarle beneficios funcionales para la salud.<\/p>\n[\/vc_column_text][\/vc_column_inner][vc_column_inner width=&#8221;1\/6&#8243;][\/vc_column_inner][\/vc_row_inner][\/vc_column][vc_column width=&#8221;1\/12&#8243;][\/vc_column][\/vc_row][vc_row thb_divider_position=&#8221;bottom&#8221; css=&#8221;.vc_custom_1646867268767{margin-bottom: 7vh !important;}&#8221;][vc_column][vc_video link=&#8221;https:\/\/www.youtube.com\/watch?v=aAS761kB45E&#8221; el_width=&#8221;70&#8243; align=&#8221;center&#8221;][\/vc_column][\/vc_row]\n","protected":false},"excerpt":{"rendered":"<p>[vc_row thb_row_padding=&#8221;true&#8221; thb_column_padding=&#8221;true&#8221; thb_divider_position=&#8221;bottom&#8221; css=&#8221;.vc_custom_1660150425001{margin-top: 100px !important;margin-bottom: 100px !important;}&#8221;][vc_column width=&#8221;2\/12&#8243;][\/vc_column][vc_column width=&#8221;8\/12&#8243;][\/vc_column][vc_column width=&#8221;2\/12&#8243;][\/vc_column][\/vc_row][vc_row thb_divider_position=&#8221;bottom&#8221;][vc_column width=&#8221;2\/12&#8243;][\/vc_column][vc_column width=&#8221;4\/12&#8243;][\/vc_column][vc_column width=&#8221;4\/12&#8243;][\/vc_column][vc_column width=&#8221;2\/12&#8243;][\/vc_column][\/vc_row][vc_row thb_divider_position=&#8221;bottom&#8221;][vc_column width=&#8221;2\/12&#8243;][\/vc_column][vc_column width=&#8221;4\/12&#8243;][\/vc_column][vc_column width=&#8221;4\/12&#8243;][\/vc_column][vc_column width=&#8221;2\/12&#8243;][\/vc_column][\/vc_row][vc_row parallax=&#8221;content-moving-fade&#8221; bg_gradient_direction=&#8221;-90&#8243; thb_divider_position=&#8221;bottom&#8221; css=&#8221;.vc_custom_1660150767394{margin-top: 8vh !important;margin-bottom: 8vh !important;padding-top: 7vh !important;padding-bottom: 7vh !important;background-image: url(https:\/\/developers.xoles.net\/711-2022\/wp-content\/uploads\/2022\/03\/ALMENDRAS.png?id=866) !important;background-position: center;background-repeat: no-repeat !important;background-size: cover !important;}&#8221; bg_gradient1=&#8221;rgba(10,10,10,0.75)&#8221; bg_gradient2=&#8221;rgba(0,0,0,0.75)&#8221;][vc_column][vc_custom_heading text=&#8221;Nuevas opciones que se adaptan a ti.&#8221; font_container=&#8221;tag:h4|font_size:42|text_align:center|color:%23ffffff&#8221; use_theme_fonts=&#8221;yes&#8221;][\/vc_column][\/vc_row][vc_row thb_divider_position=&#8221;bottom&#8221; css=&#8221;.vc_custom_1648679404593{margin-top: 200px&hellip;<\/p>\n","protected":false},"author":1,"featured_media":0,"parent":759,"menu_order":0,"comment_status":"closed","ping_status":"closed","template":"","meta":{"footnotes":""},"class_list":["post-844","page","type-page","status-publish","hentry"],"yoast_head":"<!-- This site is optimized with the Yoast SEO plugin v23.8 - https:\/\/yoast.com\/wordpress\/plugins\/seo\/ -->\n<title>Sabe bien, te sientes mejor - 7-Eleven<\/title>\n<meta name=\"robots\" content=\"noindex, follow, max-snippet:-1, max-image-preview:large, max-video-preview:-1\" \/>\n<meta property=\"og:locale\" content=\"es_MX\" \/>\n<meta property=\"og:type\" content=\"article\" \/>\n<meta property=\"og:title\" content=\"Sabe bien, te sientes mejor - 7-Eleven\" \/>\n<meta property=\"og:description\" content=\"[vc_row thb_row_padding=&#8221;true&#8221; thb_column_padding=&#8221;true&#8221; thb_divider_position=&#8221;bottom&#8221; css=&#8221;.vc_custom_1660150425001{margin-top: 100px !important;margin-bottom: 100px !important;}&#8221;][vc_column width=&#8221;2\/12&#8243;][\/vc_column][vc_column width=&#8221;8\/12&#8243;][\/vc_column][vc_column width=&#8221;2\/12&#8243;][\/vc_column][\/vc_row][vc_row thb_divider_position=&#8221;bottom&#8221;][vc_column width=&#8221;2\/12&#8243;][\/vc_column][vc_column width=&#8221;4\/12&#8243;][\/vc_column][vc_column width=&#8221;4\/12&#8243;][\/vc_column][vc_column width=&#8221;2\/12&#8243;][\/vc_column][\/vc_row][vc_row thb_divider_position=&#8221;bottom&#8221;][vc_column width=&#8221;2\/12&#8243;][\/vc_column][vc_column width=&#8221;4\/12&#8243;][\/vc_column][vc_column width=&#8221;4\/12&#8243;][\/vc_column][vc_column width=&#8221;2\/12&#8243;][\/vc_column][\/vc_row][vc_row parallax=&#8221;content-moving-fade&#8221; bg_gradient_direction=&#8221;-90&#8243; thb_divider_position=&#8221;bottom&#8221; css=&#8221;.vc_custom_1660150767394{margin-top: 8vh !important;margin-bottom: 8vh !important;padding-top: 7vh !important;padding-bottom: 7vh !important;background-image: url(https:\/\/developers.xoles.net\/711-2022\/wp-content\/uploads\/2022\/03\/ALMENDRAS.png?id=866) !important;background-position: center;background-repeat: no-repeat !important;background-size: cover !important;}&#8221; bg_gradient1=&#8221;rgba(10,10,10,0.75)&#8221; bg_gradient2=&#8221;rgba(0,0,0,0.75)&#8221;][vc_column][vc_custom_heading text=&#8221;Nuevas opciones que se adaptan a ti.&#8221; font_container=&#8221;tag:h4|font_size:42|text_align:center|color:%23ffffff&#8221; use_theme_fonts=&#8221;yes&#8221;][\/vc_column][\/vc_row][vc_row thb_divider_position=&#8221;bottom&#8221; css=&#8221;.vc_custom_1648679404593{margin-top: 200px&hellip;\" \/>\n<meta property=\"og:url\" content=\"https:\/\/developers.xoles.net\/711-2022\/cafe-select\/sabe-bien-te-sientes-mejor\/\" \/>\n<meta property=\"og:site_name\" content=\"7-Eleven\" \/>\n<meta property=\"article:modified_time\" content=\"2022-08-10T16:59:30+00:00\" \/>\n<meta name=\"twitter:card\" content=\"summary_large_image\" \/>\n<meta name=\"twitter:label1\" content=\"Tiempo de lectura\" \/>\n\t<meta name=\"twitter:data1\" content=\"2 minutos\" \/>\n<script type=\"application\/ld+json\" class=\"yoast-schema-graph\">{\"@context\":\"https:\/\/schema.org\",\"@graph\":[{\"@type\":\"WebPage\",\"@id\":\"https:\/\/developers.xoles.net\/711-2022\/cafe-select\/sabe-bien-te-sientes-mejor\/\",\"url\":\"https:\/\/developers.xoles.net\/711-2022\/cafe-select\/sabe-bien-te-sientes-mejor\/\",\"name\":\"Sabe bien, te sientes mejor - 7-Eleven\",\"isPartOf\":{\"@id\":\"https:\/\/developers.xoles.net\/711-2022\/#website\"},\"datePublished\":\"2022-03-10T04:21:19+00:00\",\"dateModified\":\"2022-08-10T16:59:30+00:00\",\"breadcrumb\":{\"@id\":\"https:\/\/developers.xoles.net\/711-2022\/cafe-select\/sabe-bien-te-sientes-mejor\/#breadcrumb\"},\"inLanguage\":\"es\",\"potentialAction\":[{\"@type\":\"ReadAction\",\"target\":[\"https:\/\/developers.xoles.net\/711-2022\/cafe-select\/sabe-bien-te-sientes-mejor\/\"]}]},{\"@type\":\"BreadcrumbList\",\"@id\":\"https:\/\/developers.xoles.net\/711-2022\/cafe-select\/sabe-bien-te-sientes-mejor\/#breadcrumb\",\"itemListElement\":[{\"@type\":\"ListItem\",\"position\":1,\"name\":\"Home\",\"item\":\"https:\/\/developers.xoles.net\/711-2022\/\"},{\"@type\":\"ListItem\",\"position\":2,\"name\":\"Caf\u00e9 Select\",\"item\":\"https:\/\/developers.xoles.net\/711-2022\/cafe-select\/\"},{\"@type\":\"ListItem\",\"position\":3,\"name\":\"Sabe bien, te sientes mejor\"}]},{\"@type\":\"WebSite\",\"@id\":\"https:\/\/developers.xoles.net\/711-2022\/#website\",\"url\":\"https:\/\/developers.xoles.net\/711-2022\/\",\"name\":\"7-Eleven\",\"description\":\"Empieza aqu\u00ed\",\"potentialAction\":[{\"@type\":\"SearchAction\",\"target\":{\"@type\":\"EntryPoint\",\"urlTemplate\":\"https:\/\/developers.xoles.net\/711-2022\/?s={search_term_string}\"},\"query-input\":{\"@type\":\"PropertyValueSpecification\",\"valueRequired\":true,\"valueName\":\"search_term_string\"}}],\"inLanguage\":\"es\"}]}<\/script>\n<!-- \/ Yoast SEO plugin. -->","yoast_head_json":{"title":"Sabe bien, te sientes mejor - 7-Eleven","robots":{"index":"noindex","follow":"follow","max-snippet":"max-snippet:-1","max-image-preview":"max-image-preview:large","max-video-preview":"max-video-preview:-1"},"og_locale":"es_MX","og_type":"article","og_title":"Sabe bien, te sientes mejor - 7-Eleven","og_description":"[vc_row thb_row_padding=&#8221;true&#8221; thb_column_padding=&#8221;true&#8221; thb_divider_position=&#8221;bottom&#8221; css=&#8221;.vc_custom_1660150425001{margin-top: 100px !important;margin-bottom: 100px !important;}&#8221;][vc_column width=&#8221;2\/12&#8243;][\/vc_column][vc_column width=&#8221;8\/12&#8243;][\/vc_column][vc_column width=&#8221;2\/12&#8243;][\/vc_column][\/vc_row][vc_row thb_divider_position=&#8221;bottom&#8221;][vc_column width=&#8221;2\/12&#8243;][\/vc_column][vc_column width=&#8221;4\/12&#8243;][\/vc_column][vc_column width=&#8221;4\/12&#8243;][\/vc_column][vc_column width=&#8221;2\/12&#8243;][\/vc_column][\/vc_row][vc_row thb_divider_position=&#8221;bottom&#8221;][vc_column width=&#8221;2\/12&#8243;][\/vc_column][vc_column width=&#8221;4\/12&#8243;][\/vc_column][vc_column width=&#8221;4\/12&#8243;][\/vc_column][vc_column width=&#8221;2\/12&#8243;][\/vc_column][\/vc_row][vc_row parallax=&#8221;content-moving-fade&#8221; bg_gradient_direction=&#8221;-90&#8243; thb_divider_position=&#8221;bottom&#8221; css=&#8221;.vc_custom_1660150767394{margin-top: 8vh !important;margin-bottom: 8vh !important;padding-top: 7vh !important;padding-bottom: 7vh !important;background-image: url(https:\/\/developers.xoles.net\/711-2022\/wp-content\/uploads\/2022\/03\/ALMENDRAS.png?id=866) !important;background-position: center;background-repeat: no-repeat !important;background-size: cover !important;}&#8221; bg_gradient1=&#8221;rgba(10,10,10,0.75)&#8221; bg_gradient2=&#8221;rgba(0,0,0,0.75)&#8221;][vc_column][vc_custom_heading text=&#8221;Nuevas opciones que se adaptan a ti.&#8221; font_container=&#8221;tag:h4|font_size:42|text_align:center|color:%23ffffff&#8221; use_theme_fonts=&#8221;yes&#8221;][\/vc_column][\/vc_row][vc_row thb_divider_position=&#8221;bottom&#8221; css=&#8221;.vc_custom_1648679404593{margin-top: 200px&hellip;","og_url":"https:\/\/developers.xoles.net\/711-2022\/cafe-select\/sabe-bien-te-sientes-mejor\/","og_site_name":"7-Eleven","article_modified_time":"2022-08-10T16:59:30+00:00","twitter_card":"summary_large_image","twitter_misc":{"Tiempo de lectura":"2 minutos"},"schema":{"@context":"https:\/\/schema.org","@graph":[{"@type":"WebPage","@id":"https:\/\/developers.xoles.net\/711-2022\/cafe-select\/sabe-bien-te-sientes-mejor\/","url":"https:\/\/developers.xoles.net\/711-2022\/cafe-select\/sabe-bien-te-sientes-mejor\/","name":"Sabe bien, te sientes mejor - 7-Eleven","isPartOf":{"@id":"https:\/\/developers.xoles.net\/711-2022\/#website"},"datePublished":"2022-03-10T04:21:19+00:00","dateModified":"2022-08-10T16:59:30+00:00","breadcrumb":{"@id":"https:\/\/developers.xoles.net\/711-2022\/cafe-select\/sabe-bien-te-sientes-mejor\/#breadcrumb"},"inLanguage":"es","potentialAction":[{"@type":"ReadAction","target":["https:\/\/developers.xoles.net\/711-2022\/cafe-select\/sabe-bien-te-sientes-mejor\/"]}]},{"@type":"BreadcrumbList","@id":"https:\/\/developers.xoles.net\/711-2022\/cafe-select\/sabe-bien-te-sientes-mejor\/#breadcrumb","itemListElement":[{"@type":"ListItem","position":1,"name":"Home","item":"https:\/\/developers.xoles.net\/711-2022\/"},{"@type":"ListItem","position":2,"name":"Caf\u00e9 Select","item":"https:\/\/developers.xoles.net\/711-2022\/cafe-select\/"},{"@type":"ListItem","position":3,"name":"Sabe bien, te sientes mejor"}]},{"@type":"WebSite","@id":"https:\/\/developers.xoles.net\/711-2022\/#website","url":"https:\/\/developers.xoles.net\/711-2022\/","name":"7-Eleven","description":"Empieza aqu\u00ed","potentialAction":[{"@type":"SearchAction","target":{"@type":"EntryPoint","urlTemplate":"https:\/\/developers.xoles.net\/711-2022\/?s={search_term_string}"},"query-input":{"@type":"PropertyValueSpecification","valueRequired":true,"valueName":"search_term_string"}}],"inLanguage":"es"}]}},"_links":{"self":[{"href":"https:\/\/developers.xoles.net\/711-2022\/wp-json\/wp\/v2\/pages\/844"}],"collection":[{"href":"https:\/\/developers.xoles.net\/711-2022\/wp-json\/wp\/v2\/pages"}],"about":[{"href":"https:\/\/developers.xoles.net\/711-2022\/wp-json\/wp\/v2\/types\/page"}],"author":[{"embeddable":true,"href":"https:\/\/developers.xoles.net\/711-2022\/wp-json\/wp\/v2\/users\/1"}],"replies":[{"embeddable":true,"href":"https:\/\/developers.xoles.net\/711-2022\/wp-json\/wp\/v2\/comments?post=844"}],"version-history":[{"count":55,"href":"https:\/\/developers.xoles.net\/711-2022\/wp-json\/wp\/v2\/pages\/844\/revisions"}],"predecessor-version":[{"id":3507,"href":"https:\/\/developers.xoles.net\/711-2022\/wp-json\/wp\/v2\/pages\/844\/revisions\/3507"}],"up":[{"embeddable":true,"href":"https:\/\/developers.xoles.net\/711-2022\/wp-json\/wp\/v2\/pages\/759"}],"wp:attachment":[{"href":"https:\/\/developers.xoles.net\/711-2022\/wp-json\/wp\/v2\/media?parent=844"}],"curies":[{"name":"wp","href":"https:\/\/api.w.org\/{rel}","templated":true}]}}